iple of 38?
False
Is 3531 a multiple of 33?
True
Is 143 a factor of 826227?
False
Is 28100 a multiple of 59?
False
Does 371 divide 242686?
False
Does 2 divide 22480?
True
Does 18 divide 134100?
True
Is 16503966 a multiple of 1323?
False
Does 38 divide 2508221?
False
Is 113 a factor of 1581321?
False
Is 154440 a multiple of 97?
False
Does 19 divide 70245?
False
Is 9480 a multiple of 30?
True
Does 15 divide 776175?
True
Does 18 divide 2020952?
False
Does 24 divide 11187120?
True
Is 99310 a multiple of 197?
False
Does 22 divide 58555?
False
Is 1336885 a multiple of 55?
True
Does 268 divide 232997?
False
Does 6 divide 45402?
True
Is 7 a factor of 557290?
False
Is 1555200 a multiple of 20?
True
Is 6295050 a multiple of 75?
True
Does 5 divide 24695?
True
Is 39341269 a multiple of 898?
False
Is 5 a factor of 230354?
False
Is 116 a factor of 909137?
False
Is 26 a factor of 360673?
False
Is 99120 a multiple of 120?
True
Is 1025 a multiple of 5?
True
Is 20 a factor of 702160?
True
Is 178272 a multiple of 9?
True
Does 1312 divide 3735264?
True
Does 15 divide 487185?
True
Is 7 a factor of 5003759?
False
Does 226 divide 1082766?
True
Does 68 divide 372300?
True
Is 18148 a multiple of 129?
False
Is 15 a factor of 327840?
True
Is 17 a factor of 188921?
True
Is 2056371 a multiple of 661?
True
Is 1409674 a multiple of 17?
True
Does 12 divide 5331900?
True
Is 338 a factor of 132158?
True
Is 171723 a multiple of 266?
False
Is 98488 a multiple of 13?
True
Is 64 a factor of 218741?
False
Does 147 divide 81585?
True
Is 576 a factor of 978?
False
Does 38 divide 2663458?
True
Does 3 divide 112500?
True
Is 844928 a multiple of 64?
True
Is 2333958 a multiple of 10?
False
Is 103 a factor of 3837022?
False
Is 12 a factor of 493495?
False
Is 17 a factor of 2821218?
True
Does 69 divide 3795207?
True
Is 2279 a multiple of 124?
False
Is 228 a factor of 1497276?
True
Is 104 a factor of 3216720?
True
Is 7240325 a multiple of 109?
True
Is 239 a factor of 2411032?
True
Is 543 a factor of 1945502?
False
Is 7 a factor of 35625?
False
Does 5 divide 23358?
False
Is 68346 a multiple of 6?
True
Is 27 a factor of 213543?
True
Is 24 a factor of 59817?
False
Is 21 a factor of 117936?
True
Does 16 divide 734544?
True
Is 11 a factor of 28654?
False
Is 13 a factor of 3686?
False
Is 41 a factor of 70438?
True
Does 4 divide 145558?
False
Is 154408 a multiple of 4?
True
Is 226 a factor of 12029754?
True
Is 10 a factor of 1843?
False
Is 2 a factor of 50539?
False
Is 23 a factor of 1647499?
False
Is 45 a multiple of 5?
True
Does 5 divide 250960?
True
Does 202 divide 3755579?
False
Does 7 divide 3098116?
True
Does 91 divide 2059810?
False
Does 19 divide 583965?
True
Does 5 divide 219546?
False
Is 648495 a multiple of 21?
False
Does 23 divide 347369?
True
Is 416 a factor of 1222624?
True
Is 1749110 a multiple of 50?
False
Is 28 a factor of 429632?
True
Is 429 a factor of 61826?
False
Is 12 a factor of 8076?
True
Is 6 a factor of 306?
True
Is 537300 a multiple of 150?
True
Is 5 a factor of 1305355?
True
Is 3147370 a multiple of 58?
True
Is 33 a factor of 116590?
False
Is 798932 a multiple of 17?
True
Does 29 divide 125628?
True
Is 72 a factor of 958752?
True
Is 993265 a multiple of 65?
True
Is 713 a factor of 481988?
True
Is 51 a factor of 1029086?
False
Is 3 a factor of 344979?
True
Is 439436 a multiple of 36?
False
Is 447075 a multiple of 2?
False
Is 190871 a multiple of 106?
False
Is 146 a factor of 363832?
True
Does 61 divide 545279?
True
Is 1557473 a multiple of 37?
False
Is 106 a factor of 230087?
False
Does 15 divide 2048338?
False
Is 11559828 a multiple of 21?
True
Does 34 divide 681984?
False
Is 133607 a multiple of 23?
True
Does 15 divide 43080?
True
Is 15296374 a multiple of 647?
True
Is 1044729 a multiple of 118?
False
Does 82 divide 15865?
False
Does 6 divide 921198?
True
Is 11 a factor of 4116794?
True
Is 128 a factor of 445890?
False
Does 164 divide 799026?
False
Does 552 divide 929353?
False
Is 113624 a multiple of 222?
False
Is 3622417 a multiple of 137?
True
Is 607012 a multiple of 19?
True
Is 319 a factor of 15037979?
True
Is 733519 a multiple of 326?
False
Does 40 divide 8770235?
False
Does 8 divide 4364439?
False
Is 522732 a multiple of 127?
True
Is 829608 a multiple of 245?
False
Is 222 a factor of 2335340?
False
Is 232 a factor of 966375?
False
Does 29 divide 2988573?
False
Does 3 divide 4879?
False
Is 571026 a multiple of 19?
True
Is 363450 a multiple of 5?
True
Is 4 a factor of 854305?
False
Does 607 divide 10150488?
False
Is 501 a factor of 133266?
True
Is 11 a factor of 1646?
False
Is 174 a factor of 3569784?
True
Is 155 a factor of 2397552?
False
Does 332 divide 140481?
False
Is 28 a factor of 1709795?
False
Does 117 divide 412654?
False
Is 187744 a multiple of 16?
True
Does 13 divide 3706014?
True
Does 10 divide 17150?
True
Does 6 divide 2239740?
True
Is 23 a factor of 5426615?
False
Is 6075472 a multiple of 104?
True
Does 82 divide 44526?
True
Is 1372 a factor of 1787259?
False
Is 34527 a multiple of 28?
False
Is 23494 a multiple of 81?
False
Is 35 a factor of 3156085?
False
Is 178 a factor of 594428?
False
Is 220 a factor of 151800?
True
Is 783 a factor of 4790560?
False
Is 29 a factor of 29435?
True
Does 20 divide 548307?
False
Is 758 a factor of 779224?
True
Is 6615800 a multiple of 200?
True
Is 134 a factor of 2104738?
True
Is 113248 a multiple of 112?
False
Is 9 a factor of 48231?
True
Does 31 divide 5981408?
False
Is 25 a factor of 193450?
True
Is 1641935 a multiple of 541?
True
Is 395 a factor of 278757?
False
Is 18131 a multiple of 26?
False
Does 61 divide 304121?
False
Is 74 a factor of 10245152?
True
Does 3 divide 37594?
False
Is 4 a factor of 1543489?
False
Is 236873 a multiple of 133?
True
Is 4 a factor of 295049?
False
Is 6 a factor of 183774?
True
Is 35 a factor of 933368?
False
Is 1462527 a multiple of 17?
True
Is 739152 a multiple of 87?
True
Is 1813 a factor of 7594657?
True
Does 1223 divide 307565?
False
Is 8128904 a multiple of 392?
True
Is 24834139 a multiple of 495?
False
Is 26792 a multiple of 527?
False
Is 3084763 a multiple of 594?
False
Does 20 divide 2078457?
False
Is 26 a factor of 372996?
True
Does 161 divide 29785?
True
Is 4884302 a multiple of 13?
False
Does 15 divide 71042?
False
Is 206 a factor of 28016?
True
Is 1625336 a multiple of 323?
True
Is 649 a factor of 3874530?
True
Is 633526 a multiple of 38?
False
Is 33 a factor of 1307628?
False
Is 34290 a multiple of 54?
True
Does 5 divide 26610?
True
Does 190 divide 490580?
True
Is 4 a factor of 1164948?
True
Does 64 divide 1719680?
True
Is 25 a factor of 3137200?
True
Does 8 divide 1081581?
False
Does 320 divide 203520?
True
Is 7455130 a multiple of 74?
True
Is 42 a factor of 474824?
False
Does 91 divide 10420441?
False
Is 19 a factor of 56753?
True
Is 18 a factor of 8519215?
False
Is 507 a factor of 13796062?
False
Does 861 divide 1282890?
True
Does 6 divide 161743?
False
Does 43 divide 36163?
True
Does 67 divide 1286400?
True
Does 14 divide 13490?
False
Is 356928 a multiple of 6?
True
Is 18196368 a multiple of 233?
True
Is 512287 a multiple of 5?
False
Is 838 a factor of 8369944?
True
Is 10536591 a multiple of 13?
True
Is 6 a factor of 88752?
True
Does 92 divide 1510180?
True
Is 22 a factor of 48313?
False
Is 59 a factor of 2963924?
True
Is 176 a factor of 945011?
False
Does 10 divide 54720?
True
Is 143401 a multiple of 180?
False
Is 197 a factor of 13656828?
True
Is 295 a factor of 6181135?
True
Is 4 a factor of 147850?
False
Does 4 divide 2315876?
True
Is 3177400 a multiple of 66?
False
Does 7 divide 285677?
True
Is 17236577 a multiple of 41?
False
Does 404 divide 2696374?
False
Is 107 a factor of 908603?
False
Is 17575908 a multiple of 1111?
False
Is 51921 a multiple of 27?
True
Does 42 divide 119359?
False
Is 509089 a multiple of 256?
False
Does 57 divide 853560?
False
Is 615 a factor of 1824140?
False
Is 2162162 a multiple of 17?
True
Does 21 divide 4944303?
True
Does 7 divide 3598013?
False
Is 5404851 a multiple of 2007?
True
Does 39 divide 134895?
False
Does 2804 divide 8927392?
False
Is 131264 a multiple of 293?
True
Does 12 divide 4336044?
True
Is 848248 a multiple of 117?
False
Is 3 a factor of 243072?
True
Does 27 divide 7714818?
True
Does 41 divide 176177?
True
Is 60088